t is the highest common factor of c and 24?
4
Let q(k) = 2*k**2 - 13*k + 3. Let o be q(8). What is the highest common factor of o and 81?
27
Let b(a) be the third derivative of a**5/60 + 3*a**4/8 + 5*a**3/3 + 3*a**2. Let g be b(-8). What is the greatest common divisor of 10 and g?
2
Let x(s) = 7*s**2 + 4*s + 4. Let g be x(-3). Calculate the highest common factor of 5 and g.
5
Let t = 45 + 81. Suppose -4*b - 3*x = -65, b = 5*x - 3 + 2. Calculate the highest common divisor of t and b.
14
Let w be (6/9)/(3/36). What is the greatest common factor of 16 and w?
8
Let d(s) = -s**3 - 8*s**2 - 9*s - 10. Let x be d(-7). Calculate the highest common divisor of 44 and x.
4
Let f(i) = -3*i**3 + 2. Let k be f(-3). Let j = k + -39. Calculate the highest common divisor of 11 and j.
11
Let x(f) = 5*f**2 - 6*f + 28. Let v be x(8). What is the highest common divisor of 60 and v?
60
Suppose -61 = -4*k + 263. What is the greatest common divisor of k and 9?
9
Let t be (4 + -9)*(-32)/10. Let g = t - 11. Let h = -34 - -69. What is the greatest common factor of g and h?
5
Suppose 3*m + 51 = 2*n, -5*n + 67 = -n + m. Calculate the greatest common divisor of n and 162.
18
Suppose -5*y - 3 = -8*y. Let w(p) = 42*p + 1. Let m be w(y). Suppose -29 = -3*f + m. Calculate the greatest common factor of f and 96.
24
Let b(d) = d**2 + 2*d + 4. Let g be b(0). Calculate the greatest common divisor of 8 and g.
4
Let b(i) = i**2 - 7*i + 1. Let g be b(6). Let k = 10 - g. What is the greatest common divisor of k and 45?
15
Let i = -453 + 635. Let y(g) = -g**3 + 9*g**2 - 10*g - 2. Let t be y(7). What is the greatest common factor of i and t?
26
Let p be 4678/13 + 2/13. What is the greatest common factor of 45 and p?
45
Let o(q) = 7*q**2 + 3*q - 2. Suppose l + 2*z + 11 = 0, 2*l + 26 = -0*z - 5*z. Let g be o(l). Calculate the greatest common divisor of g and 26.
26
Suppose 9*t - 2*t = 126. Calculate the highest common factor of t and 162.
18
Let v(s) = -s**3 + 7*s**2 - 3*s - 5. Let k be v(6). Suppose -3*x = -7 - 53. Let y = 33 - x. What is the greatest common factor of k and y?
13
Let p be (-8)/(-12)*(-774)/(-4). Let z = p + -59. Calculate the highest common factor of z and 7.
7
Suppose -34*t + 31*t = -288. What is the highest common factor of t and 64?
32
Let i be (-4 + (-10)/(-3))/((-4)/150). Let n be 21/9 - (-4)/6. Suppose 4*w - 40 = -4*q, 7 + 33 = n*q + 5*w. Calculate the greatest common divisor of i and q.
5
Let k be 70/10*(57/21 + -1). Let f = 4 + -9. Let p = 13 + f. What is the highest common divisor of p and k?
4
Suppose -5*q + 269 + 16 = 0. Let a be (-16)/6*6/(-4). Suppose -2*s = f - 5*s - 9, q = a*f - 5*s. What is the greatest common factor of f and 198?
18
Let r be (1 + 0 + -1)/(-1). Suppose -6 + r = -3*k, -3*x = 5*k - 58. Suppose -2*i + f + 14 = 3*i, -4*i - 2*f = 0. What is the highest common divisor of i and x?
2
Suppose 75 = 2*o - k, -o + k = -5*o + 165. Let t be 5*2*4/8. Suppose -4*v - 3*l = -20, v + t*l + 28 = 2*v. What is the greatest common factor of o and v?
8
Suppose 4*x + 426 = x. Let k = -82 - x. What is the greatest common divisor of 24 and k?
12
Let x(h) = 4*h - 1. Let v be x(1). Suppose -v*p + 0*p = -72. Calculate the highest common factor of p and 6.
6
Suppose 5*z + 20 = z. Let x(h) = -2*h**3 - 3*h**2 - h - 4. Let s be x(z). Let i = 10 + 6. What is the greatest common factor of i and s?
16
Let i = 46 - 31. What is the highest common factor of i and 135?
15
Suppose 0*q + 3*q - 4*b - 64 = 0, 5*q - 2*b = 88. Calculate the highest common factor of 64 and q.
16
Let t = 22 + -10. Let f(z) = -3*z - 1. Let v be f(1). Let r(g) = 4*g**2 - 4. Let w be r(v). What is the highest common divisor of t and w?
12
Let l be (7 - 6)*(4 - 1). Suppose 4*b - 3*f = 59, l*b = -0*f - 5*f + 8. Calculate the greatest common factor of b and 44.
11
Let v = -68 - -104. Calculate the highest common divisor of v and 9.
9
Suppose 3*v = -2*v + 35. Suppose v*p - 8 = 3*p. Suppose -p*x = -5*n + 2*x + 39, 2*x + 16 = 2*n. Calculate the greatest common factor of n and 21.
7
Suppose 42 = 2*g + 4*i - 0, 0 = -i + 1. Calculate the highest common divisor of 95 and g.
19
Let g(x) = 6*x**2 - 10*x - 10 + 2*x - 3*x**2. Let r be g(-4). Calculate the greatest common factor of r and 10.
10
Let l = -14 + 22. Suppose -7*r + 4*p = -2*r - 448, -4*r + 356 = -2*p. What is the highest common divisor of r and l?
8
Suppose 2*z + 8*z - 120 = 0. What is the greatest common divisor of z and 36?
12
Let j = 3 - 4. Let k be j + 37 - 0/6. Calculate the greatest common factor of 9 and k.
9
Let n = -338 + 488. Let z(c) = c + 52. Let b be z(8). What is the greatest common factor of b and n?
30
Suppose -31 = -u - 3*k + 6, 31 = u + 5*k. Suppose 5*x - u - 44 = 0. Calculate the highest common divisor of x and 27.
9
Let b be (-4)/2*606/(-4). Let j be b/6 - 2/4. Suppose -j - 70 = -3*n. What is the highest common divisor of n and 10?
10
Suppose -z + 0*z = 2*p - 70, 3 = -3*p. Suppose 0 = 3*u - 4*y + 7*y - 18, 2*u - 4*y = 24. Calculate the highest common factor of z and u.
8
Suppose -5*n + 8 = -n. Suppose 4*j + 4*a = 596, -3*a + 79 = -n*j + 402. Calculate the highest common divisor of j and 22.
22
Let d = -5 - -4. Let n = 5 + d. What is the greatest common factor of 32 and n?
4
Let o(r) = r + 126. Let p be o(0). Suppose 6 = -2*y, -4*y = -3*z + z + p. What is the greatest common factor of 38 and z?
19
Let k = 20 + -7. Suppose -3*a + 325 = 2*a. What is the highest common divisor of a and k?
13
Let x(h) = -h**3 - 4*h**2 + 9*h - 8. Let g be x(-6). Let k(n) = 5*n. Let q be k(4). What is the greatest common divisor of q and g?
10
Let t(z) = z + 2. Let r be t(0). Suppose -3*c + 303 = 6*s - r*s, 510 = 5*c + 5*s. Calculate the highest common divisor of c and 15.
15
Suppose 6*r - 2*r - 144 = 0. Suppose -2*h + 132 + r = 2*i, i = 4. What is the highest common divisor of 10 and h?
10
Let r(v) = -v**3 + 5*v**2 + 8*v - 9. Let x be r(6). Suppose -6 - x = -y. Calculate the greatest common factor of 3 and y.
3
Let w = 361 - 73. What is the greatest common factor of w and 36?
36
Suppose -3*m + 4*x = -413, 2*m - 5*x - 415 = -m. Let p be (-2023)/(-35) - 3 - 8/10. What is the highest common divisor of p and m?
27
Let x(k) = k**3 - 3*k**2 - 5*k + 4. Let n be x(4). Let v(y) = y. Let f be v(n). Suppose f*r - 420 = -5*r. What is the greatest common factor of 21 and r?
21
Let q = 5 + 1. Let p = 21 - 19. Let d be 15 - p/(-2)*-3. What is the highest common factor of q and d?
6
Let o(x) = -13*x**3 + 2*x**2 + x + 1. Let t be o(-2). Let u = 201 - t. Suppose -144 = a - 5*a. Calculate the greatest common factor of u and a.
18
Let s(v) = -34*v**3. Suppose 1 + 6 = w - 2*p, 2*w + 4*p + 18 = 0. Let m be s(w). What is the highest common factor of m and 51?
17
Suppose w + 15 = 4*w. Suppose -12*d + 84 = -w*d. Suppose y = -2*u + 193, -5*y = 3*u - 8*y - 285. What is the highest common divisor of u and d?
12
Suppose 0 = 46*l - 42*l - 100. What is the highest common divisor of 50 and l?
25
Let c(y) = 48*y - 3. Let t be c(2). Calculate the greatest common divisor of 31 and t.
31
Let r be (-156)/9*2*-3. What is the highest common factor of r and 13?
13
Let i be 3/2*8/6. Suppose -2*h = -5*g + i*h + 112, -3*h = -6. What is the greatest common factor of g and 12?
12
Let n = -8 + 9. Let g be n + (4 - 3) - 2. Let i be (-1)/(-2 - -1) + g. Calculate the highest common divisor of 11 and i.
1
Suppose 5*j = 5*b, -5*b + 9 = 3*j - 23. Let r(s) = -s**2 + 9*s - 2. Let x be r(j). What is the highest common divisor of 18 and x?
18
Let q(o) = o**3 + 9*o**2 - 2*o + 4. Let x be q(-10). Let j = -41 - x. Let u = -7 + 12. What is the highest common factor of j and u?
5
Let i be (-567)/(-6) + 4/8. What is the greatest common divisor of 19 and i?
19
Suppose f = 2*v + 11, 2*f + 3 = -4*v - 15. Let j be (0 - f/2)*0. Suppose 2*m - 8 = -j. What is the highest common factor of m and 4?
4
Let d = -99 - -190. Let b be (4/(-8))/((-2)/52). What is the highest common factor of d and b?
13
Suppose 6*p - 2*p = 68. What is the greatest common factor of p and 51?
17
Let t = 16 - 5. Suppose d - t = 2. Calculate the highest common factor of 13 and d.
13
Suppose 0*w = -4*w + 4, -2*w + 72 = 5*n. Suppose i - 630 = -4*i. What is the highest common factor of i and n?
14
Let b(s) = s**3 + 3*s**2 - 2*s - 2. Let p be b(-2). Suppose -